w - w = 13. What are the prime factors of w?
13
Suppose -3*b - b = -12. Suppose -3*f = 0, 4*j - 32 = b*f - 4. What are the prime factors of j?
7
Let f = 39 - 46. Let m(b) be the second derivative of -b**4/12 - 3*b**3/2 - 3*b**2/2 - b. List the prime factors of m(f).
11
Suppose -m + 9 = -6. List the prime factors of m.
3, 5
Let d be (-2 + 0)/(-3 + 1). Suppose 3*y - 4*g = 14, y + 3*g + d = -3. Suppose 3*s + y*s - 30 = 0. List the prime factors of s.
2, 3
Suppose 0*o + 4*o = 52. List the prime factors of o.
13
Let n(y) be the third derivative of y**4/24 + 2*y**3/3 + 5*y**2. List the prime factors of n(5).
3
Let f(y) = -y + 8. Suppose -5*d - w = 14, 2*d - 5*w + 4 + 7 = 0. Let j(t) = -t + 8. Let u(v) = d*f(v) + 4*j(v). What are the prime factors of u(6)?
2
Let n(w) = -2*w - 6. Let p be n(-9). Let v = p - -1. What are the prime factors of v?
13
Suppose -3*k + 143 = -f, -3*f - 213 + 60 = -3*k. Let q = k - 18. List the prime factors of (-12)/(-7) + 8/q.
2
Suppose 6 = 4*l - 6. Let h(q) = -2*q**2 + q. Let p be h(2). Let a = l - p. What are the prime factors of a?
3
Let l(w) = 9*w + 1 + 1 + 7*w**2 + w**3 - 2*w**3 + 1. What are the prime factors of l(8)?
11
Suppose 3*f = -5*w + 2, 3*w - 8 = -5*f + 6. Let g be -2 - (26/w + -3). Suppose -p + g = p. What are the prime factors of p?
7
Suppose 2*q + 14 = -0*q. Let j = -18 - q. Let n = j - -29. What are the prime factors of n?
2, 3
Suppose 130 + 110 = 12*x. What are the prime factors of x?
2, 5
Suppose 2*f - 3 = 1. Suppose f*r + 4 = -4*v, -3*v = -6*r + 2*r + 47. Suppose -4*x - 3*n = -3, r = x - 5*n - 10. What are the prime factors of x?
3
What are the prime factors of (-65)/(-9) - 2/9?
7
Let u(y) = y - 5. Let q be u(5). Let j be -3*(2 - (q - -3)). Suppose 22 = 5*a - j*a. What are the prime factors of a?
11
Suppose 0*u + 8 = u. Suppose u*r - s = 5*r + 61, r - 3*s = 15. Let d = -10 + r. List the prime factors of d.
11
Let l = 83 + -47. What are the prime factors of l?
2, 3
Let b = 16 - 13. List the prime factors of b.
3
Let a(i) be the second derivative of -i**5/20 - 5*i**4/6 - 3*i**3/2 + 3*i**2/2 - 4*i. List the prime factors of a(-9).
3
Let s be 38/5 - 2/(-5). List the prime factors of 130/s + (-2)/8.
2
Let g = -65 - 29. What are the prime factors of g/(-6) - 2/(-6)?
2
Suppose -2*j + 6*l + 72 = 2*l, 2*l = 2*j - 80. List the prime factors of j.
2, 11
Suppose n - 23 - 22 = 0. Suppose -4*z - n = z + o, -25 = -5*o. What are the prime factors of (0 - 1/2)*z?
5
Suppose 0 = -2*g + g - 16. Let k = 26 + g. What are the prime factors of k?
2, 5
Let b = 889 - 509. What are the prime factors of b?
2, 5, 19
Let d be (-8 + 1)*(-12)/14. Suppose d = 4*v - v. List the prime factors of v.
2
Let g = -23 - -15. Let n be ((-10)/(-8))/((-2)/g). Suppose 0 = 5*h - 5*z - 85, -n*h + 22 = 5*z - 13. List the prime factors of h.
2, 3
Let t(x) be the third derivative of 17*x**5/60 + x**4/12 + x**3/6 + x**2. Let z be t(-1). Let k = 22 - z. List the prime factors of k.
2, 3
List the prime factors of 1 - (-2 + -43 + 3).
43
Suppose -57 - 7 = -2*q. List the prime factors of q.
2
Let a be (-4)/14 - (-2)/7. Suppose a = -2*b - 3 + 15. Let t = b - 3. List the prime factors of t.
3
Suppose 3*g - 5*f = 22 + 88, -4*g + 5*f + 155 = 0. Suppose 0 = -v - 2*v + g. List the prime factors of v.
3, 5
Let s(m) = -12*m + 5*m**2 - m**2 + 6*m - 3*m**2. Let b(t) = t**3 + 8*t**2 - 11*t - 11. Let i be b(-9). List the prime factors of s(i).
7
Suppose 3*p - 2*a - 4 = 0, 4*a + 1 + 5 = 5*p. Suppose p*d = d + 16. List the prime factors of d.
2
Let l = -25 + 16. List the prime factors of l*1*(-36)/27.
2, 3
Let l = -133 + 293. List the prime factors of l.
2, 5
List the prime factors of 24/(-12)*106*3/(-4).
3, 53
Let g(k) = -3*k**2 - 2*k - 2. Let o(a) = 3*a**2 + 2*a + 1. Let d(f) = 2*g(f) + 3*o(f). Suppose 2*m = -3 - 1. List the prime factors of d(m).
7
Let t = 90 - 61. Suppose 61 + t = 5*u. List the prime factors of u.
2, 3
Let w = -11 + 5. What are the prime factors of (84/10)/(w/(-20))?
2, 7
Let q(l) = -8*l**3 - 2*l**2 - l. Let j be q(-1). Suppose 3 = -p - 4*b - j, 4*p = b + 11. What are the prime factors of p?
2
Let c(r) = -2*r + 8. Let h be c(4). Let o(l) = -10 + 12 - l + 9. List the prime factors of o(h).
11
Suppose y - 41 = -3*b, 2*b = -0*b - 4*y + 34. Let f = 18 - b. List the prime factors of f.
5
Let v be 2*-1 - 2*-2. Suppose 3*o = 5*o - 52. List the prime factors of (4/4)/(v/o).
13
Suppose -7 = -h + 51. List the prime factors of h.
2, 29
Let p(w) be the second derivative of w**4/6 + 7*w**3/6 + w**2/2 + 4*w. List the prime factors of p(-5).
2
Let u = 12 - 6. Let c(o) = -o**3 + 6*o**2 + 2*o - 9. Let q be c(u). Suppose -5*j = -q*s + 29, 0 = s + 3*s + 2*j - 30. List the prime factors of s.
2
Let j = 8 + 12. Let m = 0 - 2. What are the prime factors of (32/j)/(m/(-10))?
2
Let m(t) = 0*t**2 + 2*t**2 + 8 - 3*t**2 + 2 + t**3. List the prime factors of m(0).
2, 5
Suppose -315 = -11*p + 8*p. What are the prime factors of p?
3, 5, 7
Let u be (-164)/(-14) - 2/(-7). Suppose u = -g + 3*g. List the prime factors of g/9*(-42)/(-4).
7
Let a = 36 - 17. List the prime factors of a.
19
Let n be (-8)/(-28) + 103/7. Suppose -h + 2 = -1. Suppose 5*u = t - 23, -t + 2*t - n = h*u. What are the prime factors of t?
3
Suppose -4*g - 3 = 2*f - 53, g = f - 13. Let b = 4 + -9. Let i = b + f. List the prime factors of i.
2, 3
Suppose 17 = -4*u - 11. What are the prime factors of (-4)/((-8)/2) - u?
2
Let a be -1*(-3)/(-2)*-4. Suppose 3*o = o + a, -2*d = -5*o + 7. List the prime factors of (-1)/d*2*-16.
2
Suppose 0 = 2*r + 5 - 1. Let x be (-3 + 0)*r/3. Suppose o - 33 = -x*o. What are the prime factors of o?
11
Let b(f) be the first derivative of -f**2/2 - 8*f + 2. Let z be b(-6). What are the prime factors of z/3 + 78/9?
2
Let y(w) = -w + 6. Let j be y(3). Suppose -x + 68 = j*x. List the prime factors of x.
17
Suppose -z + 4*x = 2*z - 13, 4 = 2*z - 5*x. Let s = z - 5. What are the prime factors of s?
2
Let d(v) = -v**3 + 11*v**2 + 8*v + 12. Let a be d(11). Suppose -y + 2*y = -a. What are the prime factors of ((-4)/5)/(5/y)?
2
Let k be 0*2*4/(-16). Suppose k*c - 114 = -3*c. What are the prime factors of c?
2, 19
Suppose 0 = -y - 3*y + 64. Let s be y*((-3)/(-2))/3. List the prime factors of (0 - 2)/((-1)/s).
2
Let f(i) = 34*i**3 - 2*i**2 - i + 2. What are the prime factors of f(1)?
3, 11
Suppose g - 25 - 15 = -2*o, 0 = -g + 2. What are the prime factors of o?
19
Let t be -3 + 28 + (-1)/1. Let h = t + 5. List the prime factors of h.
29
Let h(i) = 6*i - 3. Let l be h(8). Suppose 0*a - l = 5*a. What are the prime factors of a*3/((-27)/6)?
2, 3
Suppose 848 = -0*j + 4*j. Suppose -p - j = -5*y, 221 = 5*y + 3*p - p. Suppose y = 4*u - i - 3, -u + 5*i = -21. List the prime factors of u.
11
Suppose 4*d + 2*n - 336 = 0, -2 = -3*n + 2*n. What are the prime factors of d?
83
Let i = 212 - -83. List the prime factors of i.
5, 59
Let h = 13 - 8. Suppose b - 2*n = 10, 3*b + 6 = 2*n - h*n. List the prime factors of (1 + b)/(1 + 0).
3
Let i be (-15)/(-9) - 2/3. Let y be (2 + 3)*(2 - i). Suppose 41 = y*j - 9. List the prime factors of j.
2, 5
Let b(c) = -c**3 - 6*c**2 + 7*c + 9. Let v be b(-7). Suppose v = l - 4*u, 0 = 3*l - 2*l + 2*u - 3. Suppose -l*r + 4 = -41. List the prime factors of r.
3
Let p be (-3 + 2)*(-10)/1. List the prime factors of (18/(-10))/((-2)/p).
3
Suppose 0 = -3*t + 5*x + 16, x = -2*t + 4 - 2. Suppose 4*l = 3*l + 5. Suppose -5 - 26 = -l*b - 3*m, 0 = m - t. What are the prime factors of b?
5
Let w be (-9)/((-27)/(-12)) - -1. List the prime factors of (w - -43)/2 - -3.
23
Let p(t) = 7. Let i(o) = -o - 6. Let n(h) = 4*i(h) + 3*p(h). Let l be n(-2). What are the prime factors of 30*(12/l + -2)?
2, 3
Suppose -5*h + 2*n + 65 = 0, -2*n = h + 8 - 33. Suppose k - h = -2*k. Let q = 6 + k. What are the prime factors of q?
11
Let y(f) = f**2 + 3. Suppose -2*s = -4*k - 3*s + 18, -4 = -2*s. What are the prime factors of y(k)?
19
Suppose 3*l = 3 + 9. Suppose y - 5 = l. What are the prime factors of y?
3
Let c be (1 + 1)/(1 - 0). Suppose 0 = -c*q + 4*q + 88. What are the prime factors of (1/(-2))/(2/q)?
11
Suppose f = 3*f + 16. Let a be (f/(-10))/(2/5). Suppose -a*i + 7 = -0*i - p, 0 = 4*i + p - 5. List the prime factors of i.
2
Suppose 3*n = 14 + 16. Let d be (-4)/n - 22/(-5). Suppose -d*b + 2*b + 38 = 0. Wha